). Let m(z) = -6*z + 1. Is m(i) composite?
False
Is ((-2)/6)/((-8)/3048) composite?
False
Let p = -68 - -517. Is p composite?
False
Suppose 3*a = a - 8. Let s be 50/4 + 2/a. Suppose c = s + 41. Is c a composite number?
False
Suppose 14 = -m - m. Let f = m + 10. Is f a composite number?
False
Let b(i) = i**3 + 240 - i**2 - 87*i + 87*i. Let x be b(0). Suppose x = 5*q - 2*z - 0*z, -5*z = -q + 71. Is q a prime number?
False
Let w(a) = 3*a**3 + 149 - 6*a**3 + 2*a**3 + 2*a**2 - 3*a**2. Is w(0) a prime number?
True
Let a(x) = x**2 + 2*x - 3. Let h = 5 - 3. Let d be a(h). Suppose d*g = 0, -4*g = 4*t + g - 204. Is t prime?
False
Let x(z) = 1086*z - 65. Is x(4) composite?
True
Let h = -6 - -7. Is h + -2 + 54/1 composite?
False
Let p be (-561)/2*(-6)/9. Suppose o - 34 = 3*q, 2*o + 2*q = -3*o + p. Is o composite?
False
Suppose 0*q - 3*q = -6. Suppose -40 = -q*m + 158. Suppose -m = 2*d - 5*d. Is d a composite number?
True
Let r(f) = 3*f**2 - f - 1. Let p = -1 - -5. Let y be (-6)/1*p/(-8). Is r(y) composite?
False
Suppose 0*k - 19 = -5*k - 2*x, k - 2*x = -1. Suppose -5*i + 14 = -k*i. Let v = i + 16. Is v a composite number?
False
Let w = 2 + 2. Is 2/(w/14) + -1 composite?
True
Is (((-293340)/18)/5)/(2/(-3)) a prime number?
True
Let i(f) = 4*f + 2*f**2 + 12 + 2*f - 13. Is i(-5) prime?
True
Let q be 1/(-4) - 1825/(-20). Suppose -4*m - 700 = -6*m. Suppose m = o + q. Is o a prime number?
False
Let i(k) = -k**3 - 4*k**2 - 10*k - 6. Suppose -2*y = -5*y. Suppose -2*f = u + 7, y = -4*u - u + 2*f - 35. Is i(u) a composite number?
False
Is 1 + -2 + (373 - -4) + 3 composite?
False
Suppose 2*x + 157 + 179 = 0. Let m = -115 - x. Is m prime?
True
Suppose 3*v = -k - 4, k - 5*v = -k + 14. Suppose 15 = -2*i + 5, -5*i - 423 = -k*g. Is g a prime number?
True
Let z = 356 + 23. Is z prime?
True
Suppose 256 = 2*l - 682. Is l prime?
False
Suppose -3*v + 3 = 2*t, 3*t + 3 = v - 9. Suppose -x + 124 = -0*x + 3*y, -4*y - 385 = -v*x. Is x a prime number?
True
Let t = 4057 - 1822. Suppose 3*l - 470 = 2*l + 5*v, -t = -5*l + 2*v. Is l prime?
False
Let u = 8 - 6. Suppose -u*q - 421 = -5*i - 6*q, 3*i - 254 = -q. Is i a prime number?
False
Let f(l) be the first derivative of -l**4/2 - 4*l**3/3 + l**2/2 - l - 2. Let v = 10 + -13. Is f(v) prime?
False
Let g be 73/(-1 + 0) - -1. Let b = 139 - g. Is b a prime number?
True
Let m = 61 - 40. Is m composite?
True
Suppose -2*v - r + 2*r = -633, -4*r = -12. Suppose 53 - v = -5*a. Is a prime?
True
Let d(c) = -c**2 - 10*c - 9. Let m be d(-9). Suppose 0 = -3*y + 5*s + 2672, m = -y + 5*s - 1 + 895. Is y a prime number?
False
Suppose 0 = 3*m - 221 + 92. Let w = 11 + -6. Suppose -t - t + m = -w*a, -4*t = -3*a - 65. Is t prime?
False
Is 717/4 + (-5)/20 a prime number?
True
Let y(t) = t**2 + 8*t + 14. Is y(-19) a prime number?
True
Let d(i) = 24*i + 19. Is d(13) prime?
True
Let t be ((-3)/(-5))/((-2)/(-10)). Suppose -162 - 111 = -t*m. Is m a prime number?
False
Let n = -753 - -1651. Is n a composite number?
True
Suppose -5*k = 3*u + 4, -k - 6 + 4 = 0. Suppose -u = -2*m, 2*w = 2*m + 53 - 5. Is w a composite number?
True
Let i = 10 - 6. Let w(l) = 31*l - 1. Is w(i) prime?
False
Let g = 2024 - 969. Is g a composite number?
True
Suppose 0*r = 3*r + 630. Suppose 2*a - 254 = 4*a + 4*g, a - 5*g = -127. Let h = a - r. Is h prime?
True
Let x(g) = 24*g + 1. Is x(1) composite?
True
Let a be ((-24)/20)/(4/(-10)). Suppose 0 = -a*c + 812 - 5. Is c a prime number?
True
Suppose -2*a = -6*a + 336. Suppose a = 2*f + 16. Is f prime?
False
Suppose a - 3*i = 164, -a - i = -0*i - 168. Is a a composite number?
False
Suppose -4 = 3*h + 4*x + 10, -2*x = h + 4. Is (4/h)/(6/(-1089)) prime?
False
Suppose -5*x + 3018 = x. Is x a composite number?
False
Let k = 30 + 13. Is k prime?
True
Suppose j - 42 = -2*j. Let r = j - 7. Let s(k) = 9*k - 10. Is s(r) prime?
True
Suppose -3*k = 4 - 13. Suppose -k*v + 4*v - 13 = 0. Is v a composite number?
False
Let l(u) = 17*u + 9. Is l(12) a prime number?
False
Let o(g) = -2*g - 18. Let w be o(-9). Suppose w = -3*s + 5*s - 746. Is s composite?
False
Let c = 173 - 85. Suppose -6*s + c = 3*p - s, -2*p + 4*s + 22 = 0. Is p prime?
False
Is (-2 + -2 - -5)*397 composite?
False
Let r(t) = 2*t**2 - 3*t**2 + 3*t - 5 + 3*t. Let i be r(4). Suppose i*n - 97 = -5*b, 5*n + 5*b - 167 = 2*b. Is n a prime number?
False
Suppose 2*f + 3*r + 1 = 13, 2*r - 16 = -4*f. Suppose -2*h + 2 = 3*z, -2 = f*h - 5. Suppose z = s - 40 - 17. Is s composite?
True
Let b = -1 - 2. Let q(f) = -83*f. Let l be q(b). Suppose -2*d + l = d. Is d prime?
True
Let u(r) be the third derivative of r**5/30 - r**4/24 - r**3/3 - 2*r**2. Let w(d) be the first derivative of u(d). Is w(4) composite?
True
Let k(b) = -3*b**2 - 4. Let z(w) = -10*w**2 - 11 - 12*w + 12*w. Let f(m) = 17*k(m) - 6*z(m). Is f(3) a composite number?
False
Let q(n) = -3*n**3 - 3*n**2 + 4*n + 4*n**2 - 2*n**3. Let f be q(3). Is 1 + (-2 - -2) - f a prime number?
False
Suppose -3*o + 67 + 119 = 0. Suppose 0*u - o = -2*u. Is u a composite number?
False
Let f(p) = -82*p**2 + 2*p + 1. Let n be f(-1). Let i be ((-3)/(-6))/(1/(-232)). Let g = n - i. Is g composite?
True
Let o = 69 - 48. Is o a composite number?
True
Let i(p) = -37*p. Let n be i(1). Let b be (-1*2 + n)*-2. Suppose b = 5*y - t, 0 = -5*t + 4*t - 3. Is y prime?
False
Suppose -4*u - u + 15 = 0. Is 166 + -3 - (-1 + u) prime?
False
Let q be 6/15 - 467/5. Is q*(-3*1 + 2) a prime number?
False
Let y be (10/2)/(-5 + 6). Let l = y + 444. Is l prime?
True
Suppose 18 + 9 = -3*v. Is (-4)/18 + (-389)/v composite?
False
Let b(a) = -a**3 + 5*a**2 + 6*a + 3. Let u be b(6). Suppose -u*p + p = -46. Is p a prime number?
True
Let l = -1290 + 4463. Is l a prime number?
False
Suppose -12 = -2*s + 40. Suppose -o + s = o. Is o prime?
True
Let v = -3 - -6. Suppose 6 + 0 = -v*d. Let b = d - -120. Is b prime?
False
Suppose -392 = -2*z - 2*z. Suppose r - 5*r - 200 = -4*h, 0 = 2*h - 4*r - z. Is h composite?
True
Let b(m) be the third derivative of m**5/4 - 7*m**4/24 + 5*m**3/6 + 7*m**2. Is b(4) a prime number?
False
Suppose -2*g - 1475 = 3*g. Suppose -2*x = -4*x + 904. Let m = g + x. Is m a composite number?
False
Let s be (-2 + 5)/(1/(-2)). Let q(b) = -b**3 - 7*b**2 - 7*b - 3. Let l be q(s). Suppose -l*c = -0*c - 291. Is c prime?
True
Let y be (-1 - 1)*(-25 - 1). Let n = 10 - y. Let f = 79 + n. Is f prime?
True
Let z be 12/(-30) + 54/10. Suppose -z*l + 268 = -7. Is l a prime number?
False
Is (-4)/2 + (134 - 5) a prime number?
True
Suppose 6*l - l + 20 = 0. Let r be 1/l - 2/(-8). Suppose 2*i - 9 + 3 = r. Is i prime?
True
Let h be 38/8 + (-2)/(-8). Suppose -h*l = 10, 2*l = -10*t + 5*t + 2041. Let i = t - 226. Is i prime?
False
Let s = -38 + 60. Is s prime?
False
Is (-12)/6 + 238 + 1 a composite number?
True
Suppose 5*j + 503 = -2*h, -2*h + 4*j + 327 = 839. Is h/1*13/(-26) prime?
True
Let c = 24 + -14. Let x be 6/15 - (-76)/c. Let z(t) = t**3 - 7*t**2 + 5*t - 10. Is z(x) a composite number?
True
Let n be 4*(27/(-12) - -3). Suppose -n*l = -7*l + 332. Is l prime?
True
Let b(z) = 4*z**3 - 11*z**2 + 9*z - 7. Is b(7) a prime number?
False
Let l = 1273 - 3979. Let s be l/(-18) - (-2)/3. Suppose -14 - s = -5*j. Is j prime?
False
Let z(r) = -r**2 - 9*r - 4. Let p be z(-6). Suppose -p*t + 155 = -9*t. Is t prime?
True
Suppose a + 4 = -0*a. Let c(k) = -k**3 - 3*k**2 + 5. Is c(a) a composite number?
True
Suppose 4*d = -2*z - 32, -4*z - 5*d = z + 60. Let x be (5 - 16)/(0 + -1). Let o = z + x. Is o composite?
False
Is (-10)/40 - 333/(-4) a composite number?
False
Let s(z) = -z**3 + 5*z**2 + 5*z + 8. Let a be s(6). Suppose p = -a*p. Suppose -17 + 316 = 4*n + 3*f, p = n - 4*f - 89. Is n prime?
False
Let d(z) = 2*z**2 + 6*z + 6. Let w be (-1)/1 + (-1 - 2). Is d(w) a composite number?
True
Is (-10)/50 - 6296/(-5) a composite number?
False
Suppose 3*k + 16 = -k, 0 = -2*u + 5*k + 4274. Is u prime?
False
Let d = 21 + 38. Is d prime?
True
Let d(a) = a**3 + 4*a**2 + 3*a + 1. Let o be d(-2). Suppose -8 = o*z - 41. Is z a composite number?
False
Let c = 7114 - 4695. Is c prime?
False
Let k(n) = n - 7. Let w be k(7). Let o(u) = u**3 - 2*u + 131. Is o(w) composite?
False
Let o(f) be the first derivative of 2*f**3/3 - 6*f + 1. Let z be o(-5). Let a = z + -7. Is a composite?
False
Let x(h) = -h**3 + 4*h**2 + 4. Let i(g) = -g**3 + g